{"id":8275,"date":"2019-03-08T13:45:05","date_gmt":"2019-03-08T12:45:05","guid":{"rendered":"http:\/\/verslaperformance.com\/?page_id=8275"},"modified":"2019-03-08T13:46:16","modified_gmt":"2019-03-08T12:46:16","slug":"elementor-8275","status":"publish","type":"page","link":"https:\/\/www.verslaperformance.com\/index.php\/elementor-8275\/","title":{"rendered":"Elementor #8275"},"content":{"rendered":"\t\t<div data-elementor-type=\"wp-post\" data-elementor-id=\"8275\" class=\"elementor elementor-8275 elementor-bc-flex-widget\" data-elementor-post-type=\"page\">\n\t\t\t\t\t\t<section class=\"elementor-section elementor-top-section elementor-element elementor-element-1f84d46 elementor-section-boxed elementor-section-height-default elementor-section-height-default\" data-id=\"1f84d46\" data-element_type=\"section\" data-e-type=\"section\">\n\t\t\t\t\t\t<div class=\"elementor-container elementor-column-gap-default\">\n\t\t\t\t\t<div class=\"elementor-column elementor-col-100 elementor-top-column elementor-element elementor-element-86a025f\" data-id=\"86a025f\" data-element_type=\"column\" data-e-type=\"column\">\n\t\t\t<div class=\"elementor-widget-wrap elementor-element-populated\">\n\t\t\t\t\t\t<div class=\"elementor-element elementor-element-8dae4e2 elementor-widget elementor-widget-text-editor\" data-id=\"8dae4e2\" data-element_type=\"widget\" data-e-type=\"widget\" data-widget_type=\"text-editor.default\">\n\t\t\t\t<div class=\"elementor-widget-container\">\n\t\t\t\t\t\t\t\t\t<h2>Musiciens<\/h2><div>\u00a0<\/div><p class=\"p2\"><span class=\"s1\">. Entretien d\u2019explicitation<\/span><\/p><p class=\"p2\"><span class=\"s1\">. Entretien de motivation<\/span><\/p><p class=\"p2\"><span class=\"s1\">. Entretien organisationnel<\/span><\/p><p class=\"p2\"><span class=\"s1\">. Gestion du stress, de la peur<\/span><\/p><p class=\"p2\"><span class=\"s1\">. Gestion des \u00e9motions<\/span><\/p><p class=\"p2\"><span class=\"s1\">. Gestion de la concentration<\/span><\/p><p class=\"p2\"><span class=\"s1\">. Gestion de la blessure, de la douleur<\/span><\/p><p class=\"p3\"><span class=\"s1\">. Gestion de la r\u00e9cup\u00e9ration<\/span><\/p><p class=\"p2\"><span class=\"s1\">. Perfectionnement technique<\/span><\/p>\t\t\t\t\t\t\t\t<\/div>\n\t\t\t\t<\/div>\n\t\t\t\t\t<\/div>\n\t\t<\/div>\n\t\t\t\t\t<\/div>\n\t\t<\/section>\n\t\t\t\t<\/div>\n\t\t","protected":false},"excerpt":{"rendered":"<p>Musiciens \u00a0 . Entretien d\u2019explicitation . Entretien de motivation . Entretien organisationnel . Gestion du stress, de la peur . Gestion des \u00e9motions . Gestion de la concentration . Gestion de la blessure, de la douleur . Gestion de la r\u00e9cup\u00e9ration . Perfectionnement technique<\/p>\n","protected":false},"author":1,"featured_media":0,"parent":0,"menu_order":0,"comment_status":"closed","ping_status":"closed","template":"page-templates\/template-pagebuilder-full-width.php","meta":{"neve_meta_sidebar":"","neve_meta_container":"","neve_meta_enable_content_width":"","neve_meta_content_width":70,"neve_meta_title_alignment":"","neve_meta_author_avatar":"","neve_post_elements_order":"","neve_meta_disable_header":"","neve_meta_disable_footer":"","neve_meta_disable_title":"","footnotes":""},"class_list":["post-8275","page","type-page","status-publish","hentry"],"_links":{"self":[{"href":"https:\/\/www.verslaperformance.com\/index.php\/wp-json\/wp\/v2\/pages\/8275","targetHints":{"allow":["GET"]}}],"collection":[{"href":"https:\/\/www.verslaperformance.com\/index.php\/wp-json\/wp\/v2\/pages"}],"about":[{"href":"https:\/\/www.verslaperformance.com\/index.php\/wp-json\/wp\/v2\/types\/page"}],"author":[{"embeddable":true,"href":"https:\/\/www.verslaperformance.com\/index.php\/wp-json\/wp\/v2\/users\/1"}],"replies":[{"embeddable":true,"href":"https:\/\/www.verslaperformance.com\/index.php\/wp-json\/wp\/v2\/comments?post=8275"}],"version-history":[{"count":2,"href":"https:\/\/www.verslaperformance.com\/index.php\/wp-json\/wp\/v2\/pages\/8275\/revisions"}],"predecessor-version":[{"id":8277,"href":"https:\/\/www.verslaperformance.com\/index.php\/wp-json\/wp\/v2\/pages\/8275\/revisions\/8277"}],"wp:attachment":[{"href":"https:\/\/www.verslaperformance.com\/index.php\/wp-json\/wp\/v2\/media?parent=8275"}],"curies":[{"name":"wp","href":"https:\/\/api.w.org\/{rel}","templated":true}]}}